{"id":1433,"date":"2023-08-31T12:25:06","date_gmt":"2023-08-31T17:25:06","guid":{"rendered":"https:\/\/iedelsilencio.edu.co\/start\/?page_id=1433"},"modified":"2025-11-25T20:46:55","modified_gmt":"2025-11-26T01:46:55","slug":"inscripciones-2026","status":"publish","type":"page","link":"https:\/\/iedelsilencio.edu.co\/start\/inscripciones-2026\/","title":{"rendered":"Inscripciones 2026"},"content":{"rendered":"\t\t<div data-elementor-type=\"wp-page\" data-elementor-id=\"1433\" class=\"elementor elementor-1433\">\n\t\t\t\t\t\t<section class=\"elementor-section elementor-top-section elementor-element elementor-element-580482e elementor-section-boxed elementor-section-height-default elementor-section-height-default\" data-id=\"580482e\" data-element_type=\"section\" data-e-type=\"section\">\n\t\t\t\t\t\t<div class=\"elementor-container elementor-column-gap-default\">\n\t\t\t\t\t<div class=\"elementor-column elementor-col-100 elementor-top-column elementor-element elementor-element-2be0289\" data-id=\"2be0289\" data-element_type=\"column\" data-e-type=\"column\">\n\t\t\t<div class=\"elementor-widget-wrap elementor-element-populated\">\n\t\t\t\t\t\t<div class=\"elementor-element elementor-element-2375f00 elementor-widget elementor-widget-heading\" data-id=\"2375f00\" data-element_type=\"widget\" data-e-type=\"widget\" data-widget_type=\"heading.default\">\n\t\t\t\t<div class=\"elementor-widget-container\">\n\t\t\t\t\t<h2 class=\"elementor-heading-title elementor-size-default\">Requisitos<\/h2>\t\t\t\t<\/div>\n\t\t\t\t<\/div>\n\t\t\t\t<div class=\"elementor-element elementor-element-a976e1c elementor-widget__width-initial elementor-widget elementor-widget-text-editor\" data-id=\"a976e1c\" data-element_type=\"widget\" data-e-type=\"widget\" data-widget_type=\"text-editor.default\">\n\t\t\t\t<div class=\"elementor-widget-container\">\n\t\t\t\t\t\t\t\t\t<p>La Instituci\u00f3n Educativa Distrital El Silencio se complace informar que se encuentran abiertas las inscripciones para los siguientes grados: 1\u00b0, 3\u00b0, 4\u00b0, 7\u00b0, 8\u00b0 y 9\u00b0. Agradecemos de antemano por confiarnos la formaci\u00f3n de sus hij@s para el a\u00f1o lectivo 2026 y sucesivos, esperando sean parte de esta hermosa comunidad educativa.<\/p>\n<p>La inscripci\u00f3n la realizaremos a trav\u00e9s de nuestra p\u00e1gina institucional&nbsp;<span style=\"background-color: transparent;\"><a href=\"http:\/\/mievaluaciondatos.com\/silencio\/inscripcion\" target=\"_blank\" rel=\"noopener\">http:\/\/mievaluaciondatos.com\/silencio\/inscripcion<\/a>. En ella encontraran un link en el que&nbsp;<\/span><span style=\"background-color: transparent;\">deben diligenciar la informaci\u00f3n solicitada. Es importante que los tel\u00e9fonos y correos&nbsp;<\/span><span style=\"background-color: transparent;\">electr\u00f3nicos que suministren est\u00e9n activos, pues por ese medio recibir\u00e1 las citaciones&nbsp;<\/span><span style=\"background-color: transparent;\">correspondientes para continuar con el proceso.<\/span><\/p>\n<p><span style=\"background-color: transparent;\">Recalcamos la importancia de revisar con frecuencia el correo electr\u00f3nico de contacto&nbsp;<\/span><span style=\"background-color: transparent;\">(bandeja de entrada y correo no deseado) para no perder las fechas y horarios&nbsp;<\/span><span style=\"background-color: transparent;\">establecidos por la instituci\u00f3n. A continuaci\u00f3n, se relacionan el cronograma:<\/span><\/p>\n<p style=\"text-align: center;\"><strong>Requisitos<\/strong><\/p>\n<p>&#8211; No presentar extra-edad para el grado a cursar.<br><span style=\"background-color: transparent;\">&#8211; Fotocopia Legible del Documento de Identidad del aspirante.<br><\/span><span style=\"background-color: transparent;\">&#8211; Fotocopia Legible de la Cedula de los padres por ambas caras y de la persona quien&nbsp;<\/span><span style=\"background-color: transparent;\">oficiara como acudiente.<br><\/span><span style=\"background-color: transparent;\">&#8211; Un folder colgante azul tama\u00f1o oficio con porta-gu\u00eda horizontal<br><\/span><span style=\"background-color: transparent;\">&#8211; Copia de un recibo de la empresa de energ\u00eda el\u00e9ctrica.<br><\/span><span style=\"background-color: transparent;\">&#8211; Informe acad\u00e9mico de primer y segundo periodo del grado que cursa actualmente.<br><\/span><span style=\"background-color: transparent;\">&#8211; Certificado de notas del \u00faltimo grado aprobado<br>&#8211;&nbsp;<\/span><span style=\"background-color: transparent;\">Certificado de notas de 5\u00b0 (si es aspirante a secundaria).<br>&#8211; Hacer la inscripci\u00f3n a trav\u00e9s del link:<br><a href=\"http:\/\/mievaluaciondatos.com\/silencio\/inscripcion\" target=\"_blank\" rel=\"noopener\">&nbsp;http:\/\/mievaluaciondatos.com\/silencio\/inscripcion<\/a><\/span><\/p>\n<p style=\"text-align: center;\"><strong>Cronograma<\/strong><\/p>\n<p>Inscripciones: 11 y 12 de noviembre 2025<br>Entrega de carpetas con documentaci\u00f3n: del 11 al 14 de noviembre<br>Evaluaci\u00f3n Diagn\u00f3stica por competencias para aspirantes: 18 de noviembre del 2025<br>Entrevistas a acudientes ni\u00f1@s inscrit@s: del 19 al 25 de noviembre seg\u00fan citaci\u00f3n que recibir\u00e1 en su correo electr\u00f3nico o a trav\u00e9s de llamada telef\u00f3nica.<br>Publicaci\u00f3n de lista admitidos: 28 de noviembre de 2025.<\/p>\t\t\t\t\t\t\t\t<\/div>\n\t\t\t\t<\/div>\n\t\t\t\t<div class=\"elementor-element elementor-element-6eafcbe elementor-align-center elementor-widget elementor-widget-button\" data-id=\"6eafcbe\" data-element_type=\"widget\" data-e-type=\"widget\" data-widget_type=\"button.default\">\n\t\t\t\t<div class=\"elementor-widget-container\">\n\t\t\t\t\t\t\t\t\t<div class=\"elementor-button-wrapper\">\n\t\t\t\t\t<a class=\"elementor-button elementor-button-link elementor-size-sm\" href=\"http:\/\/mievaluaciondatos.com\/silencio\/inscripcion\" target=\"_blank\">\n\t\t\t\t\t\t<span class=\"elementor-button-content-wrapper\">\n\t\t\t\t\t\t\t\t\t<span class=\"elementor-button-text\">Inscr\u00edbete aqu\u00ed<\/span>\n\t\t\t\t\t<\/span>\n\t\t\t\t\t<\/a>\n\t\t\t\t<\/div>\n\t\t\t\t\t\t\t\t<\/div>\n\t\t\t\t<\/div>\n\t\t\t\t\t<\/div>\n\t\t<\/div>\n\t\t\t\t\t<\/div>\n\t\t<\/section>\n\t\t\t\t<\/div>\n\t\t","protected":false},"excerpt":{"rendered":"<p>Requisitos La Instituci\u00f3n Educativa Distrital El Silencio se complace informar que se encuentran abiertas las inscripciones para los siguientes grados: 1\u00b0, 3\u00b0, 4\u00b0, 7\u00b0, 8\u00b0 y 9\u00b0. Agradecemos de antemano por confiarnos la formaci\u00f3n de sus hij@s para el a\u00f1o lectivo 2026 y sucesivos, esperando sean parte de esta hermosa comunidad educativa. La inscripci\u00f3n la [&hellip;]<\/p>\n","protected":false},"author":1,"featured_media":0,"parent":0,"menu_order":0,"comment_status":"closed","ping_status":"closed","template":"","meta":{"_genesis_hide_title":false,"_genesis_hide_breadcrumbs":false,"_genesis_hide_singular_image":false,"_genesis_hide_footer_widgets":false,"_genesis_custom_body_class":"","_genesis_custom_post_class":"","_genesis_layout":"","footnotes":""},"class_list":{"0":"post-1433","1":"page","2":"type-page","3":"status-publish","5":"entry"},"_links":{"self":[{"href":"https:\/\/iedelsilencio.edu.co\/start\/wp-json\/wp\/v2\/pages\/1433","targetHints":{"allow":["GET"]}}],"collection":[{"href":"https:\/\/iedelsilencio.edu.co\/start\/wp-json\/wp\/v2\/pages"}],"about":[{"href":"https:\/\/iedelsilencio.edu.co\/start\/wp-json\/wp\/v2\/types\/page"}],"author":[{"embeddable":true,"href":"https:\/\/iedelsilencio.edu.co\/start\/wp-json\/wp\/v2\/users\/1"}],"replies":[{"embeddable":true,"href":"https:\/\/iedelsilencio.edu.co\/start\/wp-json\/wp\/v2\/comments?post=1433"}],"version-history":[{"count":64,"href":"https:\/\/iedelsilencio.edu.co\/start\/wp-json\/wp\/v2\/pages\/1433\/revisions"}],"predecessor-version":[{"id":1623,"href":"https:\/\/iedelsilencio.edu.co\/start\/wp-json\/wp\/v2\/pages\/1433\/revisions\/1623"}],"wp:attachment":[{"href":"https:\/\/iedelsilencio.edu.co\/start\/wp-json\/wp\/v2\/media?parent=1433"}],"curies":[{"name":"wp","href":"https:\/\/api.w.org\/{rel}","templated":true}]}}

<div data-elementor-type="wp-page" data-elementor-id="1433" class="elementor elementor-1433">
						<section class="elementor-section elementor-top-section elementor-element elementor-element-580482e elementor-section-boxed elementor-section-height-default elementor-section-height-default" data-id="580482e" data-element_type="section" data-e-type="section">
						<div class="elementor-container elementor-column-gap-default">
					<div class="elementor-column elementor-col-100 elementor-top-column elementor-element elementor-element-2be0289" data-id="2be0289" data-element_type="column" data-e-type="column">
			<div class="elementor-widget-wrap elementor-element-populated">
						<div class="elementor-element elementor-element-2375f00 elementor-widget elementor-widget-heading" data-id="2375f00" data-element_type="widget" data-e-type="widget" data-widget_type="heading.default">
				<div class="elementor-widget-container">
					<h2 class="elementor-heading-title elementor-size-default">Requisitos</h2>				</div>
				</div>
				<div class="elementor-element elementor-element-a976e1c elementor-widget__width-initial elementor-widget elementor-widget-text-editor" data-id="a976e1c" data-element_type="widget" data-e-type="widget" data-widget_type="text-editor.default">
				<div class="elementor-widget-container">
									<p>La Institución Educativa Distrital El Silencio se complace informar que se encuentran abiertas las inscripciones para los siguientes grados: 1°, 3°, 4°, 7°, 8° y 9°. Agradecemos de antemano por confiarnos la formación de sus hij@s para el año lectivo 2026 y sucesivos, esperando sean parte de esta hermosa comunidad educativa.</p>
<p>La inscripción la realizaremos a través de nuestra página institucional&nbsp;<span style="background-color: transparent;"><a href="http://mievaluaciondatos.com/silencio/inscripcion" target="_blank" rel="noopener">http://mievaluaciondatos.com/silencio/inscripcion</a>. En ella encontraran un link en el que&nbsp;</span><span style="background-color: transparent;">deben diligenciar la información solicitada. Es importante que los teléfonos y correos&nbsp;</span><span style="background-color: transparent;">electrónicos que suministren estén activos, pues por ese medio recibirá las citaciones&nbsp;</span><span style="background-color: transparent;">correspondientes para continuar con el proceso.</span></p>
<p><span style="background-color: transparent;">Recalcamos la importancia de revisar con frecuencia el correo electrónico de contacto&nbsp;</span><span style="background-color: transparent;">(bandeja de entrada y correo no deseado) para no perder las fechas y horarios&nbsp;</span><span style="background-color: transparent;">establecidos por la institución. A continuación, se relacionan el cronograma:</span></p>
<p style="text-align: center;"><strong>Requisitos</strong></p>
<p>&#8211; No presentar extra-edad para el grado a cursar.<br><span style="background-color: transparent;">&#8211; Fotocopia Legible del Documento de Identidad del aspirante.<br></span><span style="background-color: transparent;">&#8211; Fotocopia Legible de la Cedula de los padres por ambas caras y de la persona quien&nbsp;</span><span style="background-color: transparent;">oficiara como acudiente.<br></span><span style="background-color: transparent;">&#8211; Un folder colgante azul tamaño oficio con porta-guía horizontal<br></span><span style="background-color: transparent;">&#8211; Copia de un recibo de la empresa de energía eléctrica.<br></span><span style="background-color: transparent;">&#8211; Informe académico de primer y segundo periodo del grado que cursa actualmente.<br></span><span style="background-color: transparent;">&#8211; Certificado de notas del último grado aprobado<br>&#8211;&nbsp;</span><span style="background-color: transparent;">Certificado de notas de 5° (si es aspirante a secundaria).<br>&#8211; Hacer la inscripción a través del link:<br><a href="http://mievaluaciondatos.com/silencio/inscripcion" target="_blank" rel="noopener">&nbsp;http://mievaluaciondatos.com/silencio/inscripcion</a></span></p>
<p style="text-align: center;"><strong>Cronograma</strong></p>
<p>Inscripciones: 11 y 12 de noviembre 2025<br>Entrega de carpetas con documentación: del 11 al 14 de noviembre<br>Evaluación Diagnóstica por competencias para aspirantes: 18 de noviembre del 2025<br>Entrevistas a acudientes niñ@s inscrit@s: del 19 al 25 de noviembre según citación que recibirá en su correo electrónico o a través de llamada telefónica.<br>Publicación de lista admitidos: 28 de noviembre de 2025.</p>								</div>
				</div>
				<div class="elementor-element elementor-element-6eafcbe elementor-align-center elementor-widget elementor-widget-button" data-id="6eafcbe" data-element_type="widget" data-e-type="widget" data-widget_type="button.default">
				<div class="elementor-widget-container">
									<div class="elementor-button-wrapper">
					<a class="elementor-button elementor-button-link elementor-size-sm" href="http://mievaluaciondatos.com/silencio/inscripcion" target="_blank">
						<span class="elementor-button-content-wrapper">
									<span class="elementor-button-text">Inscríbete aquí</span>
					</span>
					</a>
				</div>
								</div>
				</div>
					</div>
		</div>
					</div>
		</section>
				</div>

<p>Requisitos La Institución Educativa Distrital El Silencio se complace informar que se encuentran abiertas las inscripciones para los siguientes grados: 1°, 3°, 4°, 7°, 8° y 9°. Agradecemos de antemano por confiarnos la formación de sus hij@s para el año lectivo 2026 y sucesivos, esperando sean parte de esta hermosa comunidad educativa. La inscripción la [&hellip;]</p>
