{"id":71,"date":"2020-12-08T18:03:20","date_gmt":"2020-12-08T18:03:20","guid":{"rendered":"https:\/\/iedelsilencio.edu.co\/start\/contactar\/"},"modified":"2025-11-25T20:46:55","modified_gmt":"2025-11-26T01:46:55","slug":"contactar","status":"publish","type":"page","link":"https:\/\/iedelsilencio.edu.co\/start\/contactar\/","title":{"rendered":"Contactar"},"content":{"rendered":"\n<div class=\"wp-block-group \\&quot;wp-block-group\"><div class=\"wp-block-group__inner-container is-layout-flow wp-block-group-is-layout-flow\">\n<div class=\"wp-block-columns \\&quot;wp-block-columns is-layout-flex wp-container-core-columns-is-layout-9d6595d7 wp-block-columns-is-layout-flex\">\n<div class=\"wp-block-column \\&quot;wp-block-column\\&quot; is-layout-flow wp-block-column-is-layout-flow\">\n<h3 class=\"has-text-align-center \\&quot;has-text-align-center\\&quot; wp-block-heading\">?<br>Tel\u00e9fono de secretar\u00eda<\/h3>\n\n\n\n<div class=\"wp-block-buttons \\&quot;wp-block-buttons is-content-justification-center is-layout-flex wp-container-core-buttons-is-layout-16018d1d wp-block-buttons-is-layout-flex\">\n<div class=\"wp-block-button \\&quot;wp-block-button\"><a class=\"wp-block-button__link has-vivid-cyan-blue-to-vivid-purple-gradient-background has-background\" href=\"tel:&quot;6053659527&quot;\" target=\"_blank\" rel=\"\\&quot;noreferrer noopener\">LL\u00c1MANOS<\/a><\/div>\n<\/div>\n<\/div>\n\n\n\n<div class=\"wp-block-column \\&quot;wp-block-column\\&quot; is-layout-flow wp-block-column-is-layout-flow\">\n<h3 class=\"has-text-align-center \\&quot;has-text-align-center wp-block-heading\">?<br>Correo electr\u00f3nico<\/h3>\n\n\n\n<div class=\"wp-block-buttons \\&quot;wp-block-buttons\\&quot; is-content-justification-center is-layout-flex wp-container-core-buttons-is-layout-16018d1d wp-block-buttons-is-layout-flex\">\n<div class=\"wp-block-button \\&quot;wp-block-button is-style-fill\"><a class=\"wp-block-button__link has-vivid-cyan-blue-to-vivid-purple-gradient-background has-background\" href=\"mailto:&quot;admintic@iedelsilencio.edu.co&quot;\">ESCR\u00cdBENOS<\/a><\/div>\n<\/div>\n<\/div>\n<\/div>\n<\/div><\/div>\n\n\n\n<p><\/p>\n","protected":false},"excerpt":{"rendered":"<p>?Tel\u00e9fono de secretar\u00eda ?Correo electr\u00f3nico<\/p>\n","protected":false},"author":1,"featured_media":136,"parent":0,"menu_order":0,"comment_status":"closed","ping_status":"closed","template":"","meta":{"_genesis_hide_title":false,"_genesis_hide_breadcrumbs":false,"_genesis_hide_singular_image":false,"_genesis_hide_footer_widgets":false,"_genesis_custom_body_class":"","_genesis_custom_post_class":"","_genesis_layout":"","footnotes":""},"class_list":{"0":"post-71","1":"page","2":"type-page","3":"status-publish","4":"has-post-thumbnail","6":"entry"},"_links":{"self":[{"href":"https:\/\/iedelsilencio.edu.co\/start\/wp-json\/wp\/v2\/pages\/71","targetHints":{"allow":["GET"]}}],"collection":[{"href":"https:\/\/iedelsilencio.edu.co\/start\/wp-json\/wp\/v2\/pages"}],"about":[{"href":"https:\/\/iedelsilencio.edu.co\/start\/wp-json\/wp\/v2\/types\/page"}],"author":[{"embeddable":true,"href":"https:\/\/iedelsilencio.edu.co\/start\/wp-json\/wp\/v2\/users\/1"}],"replies":[{"embeddable":true,"href":"https:\/\/iedelsilencio.edu.co\/start\/wp-json\/wp\/v2\/comments?post=71"}],"version-history":[{"count":9,"href":"https:\/\/iedelsilencio.edu.co\/start\/wp-json\/wp\/v2\/pages\/71\/revisions"}],"predecessor-version":[{"id":1627,"href":"https:\/\/iedelsilencio.edu.co\/start\/wp-json\/wp\/v2\/pages\/71\/revisions\/1627"}],"wp:featuredmedia":[{"embeddable":true,"href":"https:\/\/iedelsilencio.edu.co\/start\/wp-json\/wp\/v2\/media\/136"}],"wp:attachment":[{"href":"https:\/\/iedelsilencio.edu.co\/start\/wp-json\/wp\/v2\/media?parent=71"}],"curies":[{"name":"wp","href":"https:\/\/api.w.org\/{rel}","templated":true}]}}